6*r**2 - 188*r + 81. What is w(31)?
19
Let k(f) = f**3 + 3*f**2 + 92*f + 380. Give k(-4).
-4
Let t(c) = -13*c + 10. Give t(1).
-3
Let i(n) = 26*n - 511. What is i(15)?
-121
Let u(a) = -a**3 + 4*a**2 + 9*a - 16. Calculate u(8).
-200
Let v(g) = g**2 + 40*g + 289. Calculate v(-10).
-11
Let b(w) = -35*w - 1872. What is b(-53)?
-17
Let k(u) = 2*u**3 + 53*u**2 - 24*u + 95. What is k(-27)?
14
Let j(y) = 212*y + 1904. Calculate j(-9).
-4
Let u(b) = -2*b**2 + 10*b + 9. Calculate u(5).
9
Let v(f) = -18*f - 410. What is v(-22)?
-14
Let b(t) = 31*t + 7. What is b(1)?
38
Let q(m) = -6*m**2 + m + 257. Calculate q(7).
-30
Let s(l) = l**2 - 55*l - 7076. What is s(-61)?
0
Let l(f) = -f**3 - 4*f**2 + 14*f + 65. Give l(-10).
525
Let t(h) = -9*h**2 + 130*h - 287. What is t(3)?
22
Let r(f) = -f**3 + 13*f**2 + 31*f - 6. What is r(15)?
9
Let b(n) = -n**2 + 123*n - 2422. Give b(30).
368
Let q(y) = -2*y**2 + 560*y + 561. Give q(-1).
-1
Let n(b) = 3*b**3 - 72*b**2 + 13*b - 56. Calculate n(24).
256
Let n(k) = 2*k**2 + 81*k - 150. What is n(-36)?
-474
Let y(g) = 443*g - 6218. What is y(14)?
-16
Let m(x) = x**2 - 174*x - 80055. Calculate m(-209).
-8
Let k(z) = -4*z**2 - 21*z + 85. Give k(6).
-185
Let d(i) = -i**3 + i**2 + 29*i + 150. What is d(-4)?
114
Let d(i) = -2*i**3 + 9*i**2 + 4*i - 28. Determine d(4).
4
Let j(y) = -5*y**3 - 8*y**2 - 9*y - 67. What is j(-4)?
161
Let s(l) = l**3 - 36*l**2 + 72*l + 872. Determine s(33).
-19
Let t(a) = 3*a**3 + 30*a**2 + 10*a + 136. Give t(-10).
36
Let y(b) = -b**3 - 98*b**2 - 93*b + 383. Determine y(-97).
-5
Let l(n) = -n**3 + 24*n**2 + 94*n - 920. Determine l(26).
172
Let d(u) = u**3 - u**2 - 65*u + 16. Calculate d(9).
79
Let b(p) = -403*p**2 - 5*p - 4. What is b(-1)?
-402
Let n(v) = 7*v**2 - 291*v - 906. Calculate n(-3).
30
Let q(d) = -60*d + 1143. Give q(20).
-57
Let c(a) = -6*a**3 - 640*a**2 + 215*a + 111. Determine c(-107).
4
Let x(o) = 96*o - 276. Calculate x(3).
12
Let z(m) = 3*m**3 - 15*m**2 + 38*m - 207. Give z(6).
129
Let c(v) = 3*v**3 - 20*v**2 + 8*v + 6. What is c(6)?
-18
Let l(q) = 14*q**2 - 56*q - 28. What is l(4)?
-28
Let p(w) = -w**3 - 8*w**2 + 54*w - 19. Determine p(-11).
-250
Let b(d) = d**3 - 62*d**2 + 63*d - 206. Calculate b(61).
-84
Let d(r) = 24*r - 55. Calculate d(8).
137
Let v(m) = 4*m**2 - m - 165. Give v(6).
-27
Let k(m) = -36*m - 2147. Calculate k(-54).
-203
Let d(c) = -c**3 - 51*c**2 - 383*c + 23. Give d(-9).
68
Let p(h) = h**3 - 46*h**2 - 95*h - 208. Calculate p(48).
-160
Let w(z) = z**2 - 8*z - 17. Determine w(9).
-8
Let q(j) = 2*j**3 + 48*j**2 + 77*j - 209. Give q(-22).
33
Let b(g) = -g**3 + 10*g**2 - 12*g + 31. What is b(10)?
-89
Let n(v) = 111*v**2 - 2*v + 1. Give n(-1).
114
Let o(v) = v**2 + 450*v - 5538. Determine o(12).
6
Let i(k) = 25*k**2 - 557*k - 1101. What is i(-2)?
113
Let q(t) = -2*t**3 + 12*t**2 + 12*t - 10. Give q(6).
62
Let l(i) = -i**3 + 12*i**2 - 32*i + 8. Calculate l(9).
-37
Let m(k) = -5*k**2 + 361*k - 1130. What is m(69)?
-26
Let g(d) = 617*d - 44417. Calculate g(72).
7
Let x(q) = 4*q**2 + 114*q - 37. What is x(-21)?
-667
Let p(v) = -19484*v - 116904. Determine p(-6).
0
Let b(f) = 21*f**2 + 84*f + 6. What is b(-4)?
6
Let n(l) = -l**3 + 96*l**2 + 501*l + 383. Give n(101).
-21
Let b(k) = 3*k**3 + 4*k**2 - 9*k - 4. What is b(0)?
-4
Let g(f) = -f**2 - 104*f - 1302. Determine g(-90).
-42
Let g(n) = n**2 + 174*n - 28193. Calculate g(102).
-41
Let f(g) = g**3 - 7*g**2 - 22*g - 1. What is f(-3)?
-25
Let y(d) = 32*d**2 + 151*d - 8. What is y(-5)?
37
Let g(o) = 16*o + 236. Determine g(-15).
-4
Let t(u) = u**3 + 7*u**2 - 60*u - 2. Determine t(-8).
414
Let h(x) = x**3 - 137*x**2 + 21*x - 2850. Calculate h(137).
27
Let z(j) = -2025*j + 52649. Determine z(26).
-1
Let a(k) = 2*k**3 - 24*k**2 + 45*k - 263. Calculate a(11).
-10
Let p(r) = -r**3 + 3*r + 6. Give p(4).
-46
Let v(o) = -o**3 - 22*o**2 - 96*o + 1. Determine v(-16).
1
Let w(r) = -r**3 - 5*r**2 + r - 14. Determine w(-5).
-19
Let h(c) = c + 7. Give h(2).
9
Let l(n) = 2*n**3 - 27*n**2 + 75*n + 1. Give l(3).
37
Let o(p) = -p**3 - 55*p**2 - 105*p + 46. Determine o(-53).
-7
Let f(r) = -24*r + 2109. Determine f(85).
69
Let t(k) = 158*k + 520. Give t(-3).
46
Let x(f) = 10*f - 182. What is x(14)?
-42
Let k(p) = -6*p**2 - 88*p - 15. Determine k(-16).
-143
Let v(x) = -84*x + 5748. Calculate v(68).
36
Let a(s) = s**3 + 12*s**2 + 34*s + 152. What is a(-10)?
12
Let r(i) = -20*i**2 + 108*i + 5. Give r(5).
45
Let l(i) = -2*i**2 + 5*i + 31. What is l(7)?
-32
Let p(v) = -v**2 + 4*v + 451. Determine p(19).
166
Let n(s) = -17*s + 518. Determine n(30).
8
Let y(d) = 7*d**3 + 7*d**2 + 39*d + 33. Calculate y(-1).
-6
Let m(d) = 69*d + 3231. What is m(-47)?
-12
Let o(m) = 77*m - 495. Calculate o(4).
-187
Let m(s) = -3*s**2 + 421*s - 1632. Calculate m(4).
4
Let j(d) = 17*d**3 + 221*d**2 - 334*d - 4342. Determine j(-13).
0
Let y(s) = -12*s - 1127. Determine y(-96).
25
Let q(o) = 89*o**2 + 26*o - 54. Give q(2).
354
Let i(s) = 2*s**3 + 7*s**2 + 3*s + 47. Give i(-7).
-317
Let k(j) = -j**2 - 22*j - 58. What is k(-4)?
14
Let z(j) = 54*j + 2063. Determine z(-37).
65
Let m(g) = -g**3 + 4*g**2 + 16*g - 26. What is m(6)?
-2
Let r(q) = 13*q**2 - 86*q - 23. What is r(7)?
12
Let i(k) = 3*k**2 + 129*k - 3541. Determine i(19).
-7
Let q(o) = 3*o + 32. Calculate q(-9).
5
Let g(f) = -14*f**2 - 59*f + 180. What is g(3)?
-123
Let h(m) = -18*m**3 - 360*m**2 + 14. Determine h(-20).
14
Let m(t) = -t**3 + 18*t**2 + 44*t + 431. Determine m(21).
32
Let y(s) = s**2 + 31*s + 67. What is y(-2)?
9
Let q(d) = 355*d - 316. Calculate q(2).
394
Let c(o) = -o**2 + 455*o + 2763. What is c(-6)?
-3
Let f(p) = 2*p**3 + 30*p**2 + 15*p + 17. What is f(-14)?
199
Let x(c) = 3*c**2 + 79*c + 114. Calculate x(-13).
-406
Let k(j) = 29*j + 2444. Calculate k(-84).
8
Let c(n) = 44*n**3 - 2*n**2 - 6*n + 4. Calculate c(2).
336
Let r(y) = y**3 + 7*y**2 - 5. What is r(-7)?
-5
Let h(l) = -l - 86. What is h(7)?
-93
Let x(s) = -198*s - 19983. Give x(-101).
15
Let s(c) = 20*c - 142. Calculate s(5).
-42
Let x(g) = -1093*g + 127. Calculate x(1).
-966
Let t(h) = -31*h**2 - 12*h. Calculate t(1).
-43
Let m(r) = -190*r + 574. Determine m(3).
4
Let u(b) = 30292*b - 60592. What is u(2)?
-8
Let b(m) = -15*m**2 - 70*m - 35. What is b(-4)?
5
Let n(d) = d**3 - 16*d**2 - 5*d - 235. Give n(17).
-31
Let m(s) = s**3 - 176*s**2 - 213*s + 6337. Determine m(177).
-35
Let j(m) = 23*m**2 - 279*m + 1668. What is j(6)?
822
Let g(p) = 4*p - 287. Give g(43).
-115
Let y(k) = k**3 + 76*k**2 + 464*k - 1309. Calculate y(-69).
2
Let r(y) = 77*y - 117. Calculate r(-4).
-425
Let a(u) = 27*u + 1517. What is a(-55)?
32
Let k(j) = 69*j**2 + 4285*j + 438. Determine k(-62).
4
Let x(a) = -a**3 - 91*a**2 + 261*a - 1919. Give x(-94).
55
Let m(p) = -5*p**3 - 8*p + 8. Give m(1).
-5
Let x(j) = -63*j**2 + 3018*j + 308. What is x(48)?
20
Let c(q) = 11*q**2 + 586*q + 155. Calculate c(-53).
-4
Let c(n) = n**3 + 7*n**2 + 8*n + 18. Calculate c(-5).
28
Let t(j) = -173*j - 24415. Give t(-141).
-22
Let a(w) = -7*w**2 + 511*w + 513. Give a(74).
-5
Let z(j) = 5*j**2 - 201*j + 711. Determine z(4).
-13
Let m(u) = 2*u**2 - 78*u + 474. Give m(7).
26
Let j(r) = 21*r**2 + 8195*r + 1953. Calculate j(-390).
3
Let u(w) = -4*w**2 + 75*w - 78. Calculate u(16).
98
Let z(a) = -4*a**3 + 355*a**2 + 92*a - 256. What is z(89)?
11
Let g(p) = 19*p**3 - 3208*p**2 - 505*p - 340. What is g(169)?
-2
Let u(l) = 2264*l - 131305. What is u(58)?
7
Let s(p) = 6*p**2 + 98*p - 167. What is s(-18)?
13
Let y(d) = -d**2 + 21*d + 46. Calculate y(-4).
-54
Let k(f) = f**3 + 14*f**2 - 32*f - 228. Determine k(-16).
-228
Let l(k) = 2*k**2 - 206*k + 1697. Give l(94).
5
Let y(z) = -12*z**3 + 66*z**2 + 3*z - 164. Calculate y(5).
1
Let w(x) = x**2 - 132*x + 1203. Give w(122).
-17
Let d(p) = p**2 + 66*p - 1060. What is d(13)?
-33
Let u(r) = 209*r - 2113. What is u(10)?
-23
Let k(y) = -74*y**2 - 19*y - 63. Calculate k(-3).
-672
Let x(g) = -g**2 + 132*g - 4323. Determine x(63).
24
Let f(l) = l**3 - 53*l**2 + 4*l - 206. Determine f(53).
6
Let o(t) = t**3 - 8*t**2 + 44*t - 536. Give o(9).
-59
Let s(x) = 36*x**2 + 2674*x + 735. Determine s(-74).
-5
Let v(q) = -9517*q + 361644. Determine v(38).
-2
Let x(d) = 2*d**2 - 28*d + 19. Calculate x(14).
19
Let c(s) = 40*s**2 - 534*s + 1058. Determine c(2).
150
Let q(j) = j**3 + 16*